{"id":292,"date":"2022-06-01T08:09:32","date_gmt":"2022-06-01T08:09:32","guid":{"rendered":"https:\/\/sportano.cz\/blog\/?page_id=292"},"modified":"2026-03-06T09:40:00","modified_gmt":"2026-03-06T09:40:00","slug":"kontakt","status":"publish","type":"page","link":"https:\/\/sportano.cz\/blog\/kontakt\/","title":{"rendered":"Kontakt"},"content":{"rendered":"\n<p>M\u00e1te dotazy ke konkr\u00e9tn\u00edmu \u010dl\u00e1nku? Hled\u00e1te odpov\u011b\u010f na ot\u00e1zku t\u00fdkaj\u00edc\u00ed se konkr\u00e9tn\u00edho probl\u00e9mu z oblasti sportu nebo pot\u0159ebujete informace o produktu zmi\u0148ovan\u00e9m v p\u0159\u00edsp\u011bvku? Nebo chcete na blogu otev\u0159\u00edt konkr\u00e9tn\u00ed t\u00e9ma?<\/p>\n\n\n\n<p>Napi\u0161te n\u00e1m p\u0159\u00edmo na adresu:&nbsp;<a href=\"mailto:kontakt@sportano.cz\" target=\"_blank\" rel=\"noreferrer noopener\">kontakt@sportano.cz<\/a><\/p>\n\n\n\n<p><\/p>\n","protected":false},"excerpt":{"rendered":"<p>M\u00e1te dotazy ke konkr\u00e9tn\u00edmu \u010dl\u00e1nku? Hled\u00e1te odpov\u011b\u010f na ot\u00e1zku t\u00fdkaj\u00edc\u00ed se konkr\u00e9tn\u00edho probl\u00e9mu z oblasti sportu nebo pot\u0159ebujete informace o produktu zmi\u0148ovan\u00e9m v p\u0159\u00edsp\u011bvku? Nebo chcete na blogu otev\u0159\u00edt konkr\u00e9tn\u00ed t\u00e9ma? Napi\u0161te n\u00e1m p\u0159\u00edmo na adresu:&nbsp;kontakt@sportano.cz<\/p>\n","protected":false},"author":7,"featured_media":0,"parent":0,"menu_order":0,"comment_status":"closed","ping_status":"closed","template":"","meta":{"_acf_changed":false,"footnotes":""},"class_list":["post-292","page","type-page","status-publish","hentry"],"acf":[],"yoast_head":"<!-- This site is optimized with the Yoast SEO plugin v27.1.1 - https:\/\/yoast.com\/product\/yoast-seo-wordpress\/ -->\n<title>Kontakt - Blog Sportano.cz<\/title>\n<meta name=\"robots\" content=\"index, follow, max-snippet:-1, max-image-preview:large, max-video-preview:-1\" \/>\n<link rel=\"canonical\" href=\"https:\/\/sportano.cz\/blog\/kontakt\/\" \/>\n<meta property=\"og:locale\" content=\"cs_CZ\" \/>\n<meta property=\"og:type\" content=\"article\" \/>\n<meta property=\"og:title\" content=\"Kontakt - Blog Sportano.cz\" \/>\n<meta property=\"og:description\" content=\"M\u00e1te dotazy ke konkr\u00e9tn\u00edmu \u010dl\u00e1nku? Hled\u00e1te odpov\u011b\u010f na ot\u00e1zku t\u00fdkaj\u00edc\u00ed se konkr\u00e9tn\u00edho probl\u00e9mu z oblasti sportu nebo pot\u0159ebujete informace o produktu zmi\u0148ovan\u00e9m v p\u0159\u00edsp\u011bvku? Nebo chcete na blogu otev\u0159\u00edt konkr\u00e9tn\u00ed t\u00e9ma? Napi\u0161te n\u00e1m p\u0159\u00edmo na adresu:&nbsp;kontakt@sportano.cz\" \/>\n<meta property=\"og:url\" content=\"https:\/\/sportano.cz\/blog\/kontakt\/\" \/>\n<meta property=\"article:modified_time\" content=\"2026-03-06T09:40:00+00:00\" \/>\n<meta name=\"twitter:card\" content=\"summary_large_image\" \/>\n<meta name=\"twitter:label1\" content=\"Odhadovan\u00e1 doba \u010dten\u00ed\" \/>\n\t<meta name=\"twitter:data1\" content=\"1 minuta\" \/>\n<!-- \/ Yoast SEO plugin. -->","yoast_head_json":{"title":"Kontakt - Blog Sportano.cz","robots":{"index":"index","follow":"follow","max-snippet":"max-snippet:-1","max-image-preview":"max-image-preview:large","max-video-preview":"max-video-preview:-1"},"canonical":"https:\/\/sportano.cz\/blog\/kontakt\/","og_locale":"cs_CZ","og_type":"article","og_title":"Kontakt - Blog Sportano.cz","og_description":"M\u00e1te dotazy ke konkr\u00e9tn\u00edmu \u010dl\u00e1nku? Hled\u00e1te odpov\u011b\u010f na ot\u00e1zku t\u00fdkaj\u00edc\u00ed se konkr\u00e9tn\u00edho probl\u00e9mu z oblasti sportu nebo pot\u0159ebujete informace o produktu zmi\u0148ovan\u00e9m v p\u0159\u00edsp\u011bvku? Nebo chcete na blogu otev\u0159\u00edt konkr\u00e9tn\u00ed t\u00e9ma? Napi\u0161te n\u00e1m p\u0159\u00edmo na adresu:&nbsp;kontakt@sportano.cz","og_url":"https:\/\/sportano.cz\/blog\/kontakt\/","article_modified_time":"2026-03-06T09:40:00+00:00","twitter_card":"summary_large_image","twitter_misc":{"Odhadovan\u00e1 doba \u010dten\u00ed":"1 minuta"},"schema":{"@context":"https:\/\/schema.org","@graph":[{"@type":"WebPage","@id":"https:\/\/sportano.cz\/blog\/kontakt\/","url":"https:\/\/sportano.cz\/blog\/kontakt\/","name":"Kontakt - Blog Sportano.cz","isPartOf":{"@id":"https:\/\/sportano.cz\/blog\/#website"},"datePublished":"2022-06-01T08:09:32+00:00","dateModified":"2026-03-06T09:40:00+00:00","breadcrumb":{"@id":"https:\/\/sportano.cz\/blog\/kontakt\/#breadcrumb"},"inLanguage":"cs","potentialAction":[{"@type":"ReadAction","target":["https:\/\/sportano.cz\/blog\/kontakt\/"]}]},{"@type":"BreadcrumbList","@id":"https:\/\/sportano.cz\/blog\/kontakt\/#breadcrumb","itemListElement":[{"@type":"ListItem","position":1,"name":"Hlavn\u00ed strana","item":"https:\/\/sportano.cz\/blog\/"},{"@type":"ListItem","position":2,"name":"Kontakt"}]},{"@type":"WebSite","@id":"https:\/\/sportano.cz\/blog\/#website","url":"https:\/\/sportano.cz\/blog\/","name":"","description":"","publisher":{"@id":"https:\/\/sportano.cz\/blog\/#organization"},"potentialAction":[{"@type":"SearchAction","target":{"@type":"EntryPoint","urlTemplate":"https:\/\/sportano.cz\/blog\/?s={search_term_string}"},"query-input":{"@type":"PropertyValueSpecification","valueRequired":true,"valueName":"search_term_string"}}],"inLanguage":"cs"},{"@type":"Organization","@id":"https:\/\/sportano.cz\/blog\/#organization","name":"Sportano.pl","url":"https:\/\/sportano.cz\/blog\/","logo":{"@type":"ImageObject","inLanguage":"cs","@id":"https:\/\/sportano.cz\/blog\/#\/schema\/logo\/image\/","url":"http:\/\/sportano.cz\/blog\/wp-content\/uploads\/2022\/04\/sportano-blog-logo.png","contentUrl":"http:\/\/sportano.cz\/blog\/wp-content\/uploads\/2022\/04\/sportano-blog-logo.png","width":1200,"height":200,"caption":"Sportano.pl"},"image":{"@id":"https:\/\/sportano.cz\/blog\/#\/schema\/logo\/image\/"}}]}},"_links":{"self":[{"href":"https:\/\/sportano.cz\/blog\/wp-json\/wp\/v2\/pages\/292","targetHints":{"allow":["GET"]}}],"collection":[{"href":"https:\/\/sportano.cz\/blog\/wp-json\/wp\/v2\/pages"}],"about":[{"href":"https:\/\/sportano.cz\/blog\/wp-json\/wp\/v2\/types\/page"}],"author":[{"embeddable":true,"href":"https:\/\/sportano.cz\/blog\/wp-json\/wp\/v2\/users\/7"}],"replies":[{"embeddable":true,"href":"https:\/\/sportano.cz\/blog\/wp-json\/wp\/v2\/comments?post=292"}],"version-history":[{"count":4,"href":"https:\/\/sportano.cz\/blog\/wp-json\/wp\/v2\/pages\/292\/revisions"}],"predecessor-version":[{"id":2284,"href":"https:\/\/sportano.cz\/blog\/wp-json\/wp\/v2\/pages\/292\/revisions\/2284"}],"wp:attachment":[{"href":"https:\/\/sportano.cz\/blog\/wp-json\/wp\/v2\/media?parent=292"}],"curies":[{"name":"wp","href":"https:\/\/api.w.org\/{rel}","templated":true}]}}